{"id":833,"date":"2023-10-16T17:11:07","date_gmt":"2023-10-16T15:11:07","guid":{"rendered":"https:\/\/kanzlei-hennemann.de\/v4\/?page_id=833"},"modified":"2023-11-12T15:00:30","modified_gmt":"2023-11-12T14:00:30","slug":"taetigkeit","status":"publish","type":"page","link":"https:\/\/www.kanzlei-hennemann.de\/v4\/taetigkeit\/","title":{"rendered":"T\u00e4tigkeit und Rechtsgebiete"},"content":{"rendered":"\n<h2 class=\"wp-block-heading has-text-align-center\">T\u00e4tigkeit und Rechtsgebiete<\/h2>\n\n\n\n<h2 class=\"wp-block-heading has-text-align-center\">Schwerpunkt Haftungs-, Verkehrs- und Versicherungsrecht<\/h2>\n\n\n\n<p class=\"has-text-align-center\">Die T\u00e4tigkeit der Fachanwaltskanzlei Hennemann erstreckt sich auf die au\u00dfergerichtliche Beratung und Vertretung einschlie\u00dflich der Vertrags- und Policengestaltung, die Geltendmachung von Haftungs- und Leistungsanspr\u00fcchen sowie die Prozessf\u00fchrung insbesondere in den Sparten:<\/p>\n\n\n<div class=\"gb-container gb-container-e9354d57\">\n<div class=\"gb-grid-wrapper gb-grid-wrapper-3b91eeca\">\n<div class=\"gb-grid-column gb-grid-column-ff314fac\"><div class=\"gb-container gb-container-ff314fac\">\n\n<h3 class=\"gb-headline gb-headline-f0cf1e31\"><span class=\"gb-icon\"><svg aria-hidden=\"true\" role=\"img\" height=\"1em\" width=\"1em\" viewBox=\"0 0 448 512\" xmlns=\"http:\/\/www.w3.org\/2000\/svg\"><path fill=\"currentColor\" d=\"M352 240v32c0 6.6-5.4 12-12 12h-88v88c0 6.6-5.4 12-12 12h-32c-6.6 0-12-5.4-12-12v-88h-88c-6.6 0-12-5.4-12-12v-32c0-6.6 5.4-12 12-12h88v-88c0-6.6 5.4-12 12-12h32c6.6 0 12 5.4 12 12v88h88c6.6 0 12 5.4 12 12zm96-160v352c0 26.5-21.5 48-48 48H48c-26.5 0-48-21.5-48-48V80c0-26.5 21.5-48 48-48h352c26.5 0 48 21.5 48 48zm-48 346V86c0-3.3-2.7-6-6-6H54c-3.3 0-6 2.7-6 6v340c0 3.3 2.7 6 6 6h340c3.3 0 6-2.7 6-6z\"><\/path><\/svg><\/span><span class=\"gb-headline-text\">Haftungsrecht<\/span><\/h3>\n\n\n<div class=\"gb-container gb-container-dd354c4d\">\n\n<ul class=\"wp-block-list\">\n<li>Architektenhaftung<\/li>\n\n\n\n<li>Arzthaftung<\/li>\n\n\n\n<li>Bank- und Anlageberaterhaftung<\/li>\n\n\n\n<li>Bauunternehmerhaftung<\/li>\n\n\n\n<li>Produkthaftung<\/li>\n\n\n\n<li>Organ- und Managerhaftung<\/li>\n<\/ul>\n\n<\/div>\n<\/div><\/div>\n\n<div class=\"gb-grid-column gb-grid-column-9e642c50\"><div class=\"gb-container gb-container-9e642c50\">\n\n<h3 class=\"gb-headline gb-headline-84721b6c\"><span class=\"gb-icon\"><svg aria-hidden=\"true\" role=\"img\" height=\"1em\" width=\"1em\" viewBox=\"0 0 448 512\" xmlns=\"http:\/\/www.w3.org\/2000\/svg\"><path fill=\"currentColor\" d=\"M352 240v32c0 6.6-5.4 12-12 12h-88v88c0 6.6-5.4 12-12 12h-32c-6.6 0-12-5.4-12-12v-88h-88c-6.6 0-12-5.4-12-12v-32c0-6.6 5.4-12 12-12h88v-88c0-6.6 5.4-12 12-12h32c6.6 0 12 5.4 12 12v88h88c6.6 0 12 5.4 12 12zm96-160v352c0 26.5-21.5 48-48 48H48c-26.5 0-48-21.5-48-48V80c0-26.5 21.5-48 48-48h352c26.5 0 48 21.5 48 48zm-48 346V86c0-3.3-2.7-6-6-6H54c-3.3 0-6 2.7-6 6v340c0 3.3 2.7 6 6 6h340c3.3 0 6-2.7 6-6z\"><\/path><\/svg><\/span><span class=\"gb-headline-text\">Verkehrsrecht<\/span><\/h3>\n\n\n<div class=\"gb-container gb-container-dfaea76f\">\n\n<ul class=\"wp-block-list\">\n<li>Unfallschadenregulierung<\/li>\n\n\n\n<li>Verkehrsordnungswidrigkeiten-<br>und Verkehrsstrafrecht<\/li>\n\n\n\n<li>Recht der Fahrerlaubnis<\/li>\n\n\n\n<li>Verkehrsverwaltungsrecht<\/li>\n\n\n\n<li>Kfz-Versicherung<\/li>\n\n\n\n<li>Autokauf und Leasing<\/li>\n<\/ul>\n\n<\/div>\n<\/div><\/div>\n\n<div class=\"gb-grid-column gb-grid-column-565f2890\"><div class=\"gb-container gb-container-565f2890\">\n\n<h3 class=\"gb-headline gb-headline-87102693\"><span class=\"gb-icon\"><svg aria-hidden=\"true\" role=\"img\" height=\"1em\" width=\"1em\" viewBox=\"0 0 448 512\" xmlns=\"http:\/\/www.w3.org\/2000\/svg\"><path fill=\"currentColor\" d=\"M352 240v32c0 6.6-5.4 12-12 12h-88v88c0 6.6-5.4 12-12 12h-32c-6.6 0-12-5.4-12-12v-88h-88c-6.6 0-12-5.4-12-12v-32c0-6.6 5.4-12 12-12h88v-88c0-6.6 5.4-12 12-12h32c6.6 0 12 5.4 12 12v88h88c6.6 0 12 5.4 12 12zm96-160v352c0 26.5-21.5 48-48 48H48c-26.5 0-48-21.5-48-48V80c0-26.5 21.5-48 48-48h352c26.5 0 48 21.5 48 48zm-48 346V86c0-3.3-2.7-6-6-6H54c-3.3 0-6 2.7-6 6v340c0 3.3 2.7 6 6 6h340c3.3 0 6-2.7 6-6z\"><\/path><\/svg><\/span><span class=\"gb-headline-text\">Versicherungsrecht<br>f\u00fcr Privatpersonen<\/span><\/h3>\n\n\n<div class=\"gb-container gb-container-8046bdac\">\n\n<ul class=\"wp-block-list\">\n<li>Private Haftpflichtversicherung<\/li>\n\n\n\n<li>Private Unfallversicherung<\/li>\n\n\n\n<li>Berufsunf\u00e4higkeitsversicherung<\/li>\n\n\n\n<li>Feuer-, Geb\u00e4ude, Hausratversicherung<\/li>\n\n\n\n<li>Krankenversicherung<\/li>\n\n\n\n<li>Lebensversicherung<\/li>\n\n\n\n<li>Arbeitnehmerversicherung<\/li>\n<\/ul>\n\n<\/div>\n<\/div><\/div>\n\n<div class=\"gb-grid-column gb-grid-column-8bdf15a1\"><div class=\"gb-container gb-container-8bdf15a1\">\n\n<h3 class=\"gb-headline gb-headline-6dc3e17c\"><span class=\"gb-icon\"><svg aria-hidden=\"true\" role=\"img\" height=\"1em\" width=\"1em\" viewBox=\"0 0 448 512\" xmlns=\"http:\/\/www.w3.org\/2000\/svg\"><path fill=\"currentColor\" d=\"M352 240v32c0 6.6-5.4 12-12 12h-88v88c0 6.6-5.4 12-12 12h-32c-6.6 0-12-5.4-12-12v-88h-88c-6.6 0-12-5.4-12-12v-32c0-6.6 5.4-12 12-12h88v-88c0-6.6 5.4-12 12-12h32c6.6 0 12 5.4 12 12v88h88c6.6 0 12 5.4 12 12zm96-160v352c0 26.5-21.5 48-48 48H48c-26.5 0-48-21.5-48-48V80c0-26.5 21.5-48 48-48h352c26.5 0 48 21.5 48 48zm-48 346V86c0-3.3-2.7-6-6-6H54c-3.3 0-6 2.7-6 6v340c0 3.3 2.7 6 6 6h340c3.3 0 6-2.7 6-6z\"><\/path><\/svg><\/span><span class=\"gb-headline-text\">Versicherungsrecht<br>f\u00fcr Unternehmen<\/span><\/h3>\n\n\n<div class=\"gb-container gb-container-f0d651e1\">\n\n<ul class=\"wp-block-list\">\n<li>Gewerbl. Haftpflichtversicherung<\/li>\n\n\n\n<li>Gewerbliche Sach- und<br>Feuerversicherung<\/li>\n\n\n\n<li>Transportversicherung<\/li>\n\n\n\n<li>Versicherungsvermittler- und Maklerrecht<\/li>\n\n\n\n<li>D&amp;O Versicherung<\/li>\n\n\n\n<li>Betriebliche Gruppenversicherung<\/li>\n<\/ul>\n\n<\/div>\n<\/div><\/div>\n<\/div>\n<\/div>","protected":false},"excerpt":{"rendered":"<p>T\u00e4tigkeit und Rechtsgebiete Schwerpunkt Haftungs-, Verkehrs- und Versicherungsrecht Die T\u00e4tigkeit der Fachanwaltskanzlei Hennemann erstreckt sich auf die au\u00dfergerichtliche Beratung und Vertretung einschlie\u00dflich der Vertrags- und Policengestaltung, die Geltendmachung von Haftungs- und Leistungsanspr\u00fcchen sowie die Prozessf\u00fchrung insbesondere in den Sparten:<\/p>\n","protected":false},"author":1,"featured_media":0,"parent":0,"menu_order":0,"comment_status":"closed","ping_status":"closed","template":"","meta":{"footnotes":""},"class_list":{"0":"post-833","1":"page","2":"type-page","3":"status-publish","5":"infinite-scroll-item"},"yoast_head":"<!-- This site is optimized with the Yoast SEO plugin v26.6 - https:\/\/yoast.com\/wordpress\/plugins\/seo\/ -->\n<title>T\u00e4tigkeit und Rechtsgebiete - Kanzlei Hennemann<\/title>\n<meta name=\"robots\" content=\"index, follow, max-snippet:-1, max-image-preview:large, max-video-preview:-1\" \/>\n<link rel=\"canonical\" href=\"https:\/\/www.kanzlei-hennemann.de\/v4\/taetigkeit\/\" \/>\n<meta property=\"og:locale\" content=\"de_DE\" \/>\n<meta property=\"og:type\" content=\"article\" \/>\n<meta property=\"og:title\" content=\"T\u00e4tigkeit und Rechtsgebiete - Kanzlei Hennemann\" \/>\n<meta property=\"og:description\" content=\"T\u00e4tigkeit und Rechtsgebiete Schwerpunkt Haftungs-, Verkehrs- und Versicherungsrecht Die T\u00e4tigkeit der Fachanwaltskanzlei Hennemann erstreckt sich auf die au\u00dfergerichtliche Beratung und Vertretung einschlie\u00dflich der Vertrags- und Policengestaltung, die Geltendmachung von Haftungs- und Leistungsanspr\u00fcchen sowie die Prozessf\u00fchrung insbesondere in den Sparten:\" \/>\n<meta property=\"og:url\" content=\"https:\/\/www.kanzlei-hennemann.de\/v4\/taetigkeit\/\" \/>\n<meta property=\"og:site_name\" content=\"Kanzlei Hennemann\" \/>\n<meta property=\"article:modified_time\" content=\"2023-11-12T14:00:30+00:00\" \/>\n<meta name=\"twitter:card\" content=\"summary_large_image\" \/>\n<meta name=\"twitter:label1\" content=\"Gesch\u00e4tzte Lesezeit\" \/>\n\t<meta name=\"twitter:data1\" content=\"1\u00a0Minute\" \/>\n<script type=\"application\/ld+json\" class=\"yoast-schema-graph\">{\"@context\":\"https:\/\/schema.org\",\"@graph\":[{\"@type\":\"WebPage\",\"@id\":\"https:\/\/www.kanzlei-hennemann.de\/v4\/taetigkeit\/\",\"url\":\"https:\/\/www.kanzlei-hennemann.de\/v4\/taetigkeit\/\",\"name\":\"T\u00e4tigkeit und Rechtsgebiete - Kanzlei Hennemann\",\"isPartOf\":{\"@id\":\"https:\/\/www.kanzlei-hennemann.de\/v4\/#website\"},\"datePublished\":\"2023-10-16T15:11:07+00:00\",\"dateModified\":\"2023-11-12T14:00:30+00:00\",\"breadcrumb\":{\"@id\":\"https:\/\/www.kanzlei-hennemann.de\/v4\/taetigkeit\/#breadcrumb\"},\"inLanguage\":\"de\",\"potentialAction\":[{\"@type\":\"ReadAction\",\"target\":[\"https:\/\/www.kanzlei-hennemann.de\/v4\/taetigkeit\/\"]}]},{\"@type\":\"BreadcrumbList\",\"@id\":\"https:\/\/www.kanzlei-hennemann.de\/v4\/taetigkeit\/#breadcrumb\",\"itemListElement\":[{\"@type\":\"ListItem\",\"position\":1,\"name\":\"Startseite\",\"item\":\"https:\/\/www.kanzlei-hennemann.de\/v4\/\"},{\"@type\":\"ListItem\",\"position\":2,\"name\":\"T\u00e4tigkeit und Rechtsgebiete\"}]},{\"@type\":\"WebSite\",\"@id\":\"https:\/\/www.kanzlei-hennemann.de\/v4\/#website\",\"url\":\"https:\/\/www.kanzlei-hennemann.de\/v4\/\",\"name\":\"Kanzlei Hennemann\",\"description\":\"\",\"publisher\":{\"@id\":\"https:\/\/www.kanzlei-hennemann.de\/v4\/#organization\"},\"potentialAction\":[{\"@type\":\"SearchAction\",\"target\":{\"@type\":\"EntryPoint\",\"urlTemplate\":\"https:\/\/www.kanzlei-hennemann.de\/v4\/?s={search_term_string}\"},\"query-input\":{\"@type\":\"PropertyValueSpecification\",\"valueRequired\":true,\"valueName\":\"search_term_string\"}}],\"inLanguage\":\"de\"},{\"@type\":\"Organization\",\"@id\":\"https:\/\/www.kanzlei-hennemann.de\/v4\/#organization\",\"name\":\"Kanzlei Hennemann\",\"url\":\"https:\/\/www.kanzlei-hennemann.de\/v4\/\",\"logo\":{\"@type\":\"ImageObject\",\"inLanguage\":\"de\",\"@id\":\"https:\/\/www.kanzlei-hennemann.de\/v4\/#\/schema\/logo\/image\/\",\"url\":\"https:\/\/www.kanzlei-hennemann.de\/v4\/wp-content\/uploads\/2023\/10\/logo.png\",\"contentUrl\":\"https:\/\/www.kanzlei-hennemann.de\/v4\/wp-content\/uploads\/2023\/10\/logo.png\",\"width\":500,\"height\":100,\"caption\":\"Kanzlei Hennemann\"},\"image\":{\"@id\":\"https:\/\/www.kanzlei-hennemann.de\/v4\/#\/schema\/logo\/image\/\"}}]}<\/script>\n<!-- \/ Yoast SEO plugin. -->","yoast_head_json":{"title":"T\u00e4tigkeit und Rechtsgebiete - Kanzlei Hennemann","robots":{"index":"index","follow":"follow","max-snippet":"max-snippet:-1","max-image-preview":"max-image-preview:large","max-video-preview":"max-video-preview:-1"},"canonical":"https:\/\/www.kanzlei-hennemann.de\/v4\/taetigkeit\/","og_locale":"de_DE","og_type":"article","og_title":"T\u00e4tigkeit und Rechtsgebiete - Kanzlei Hennemann","og_description":"T\u00e4tigkeit und Rechtsgebiete Schwerpunkt Haftungs-, Verkehrs- und Versicherungsrecht Die T\u00e4tigkeit der Fachanwaltskanzlei Hennemann erstreckt sich auf die au\u00dfergerichtliche Beratung und Vertretung einschlie\u00dflich der Vertrags- und Policengestaltung, die Geltendmachung von Haftungs- und Leistungsanspr\u00fcchen sowie die Prozessf\u00fchrung insbesondere in den Sparten:","og_url":"https:\/\/www.kanzlei-hennemann.de\/v4\/taetigkeit\/","og_site_name":"Kanzlei Hennemann","article_modified_time":"2023-11-12T14:00:30+00:00","twitter_card":"summary_large_image","twitter_misc":{"Gesch\u00e4tzte Lesezeit":"1\u00a0Minute"},"schema":{"@context":"https:\/\/schema.org","@graph":[{"@type":"WebPage","@id":"https:\/\/www.kanzlei-hennemann.de\/v4\/taetigkeit\/","url":"https:\/\/www.kanzlei-hennemann.de\/v4\/taetigkeit\/","name":"T\u00e4tigkeit und Rechtsgebiete - Kanzlei Hennemann","isPartOf":{"@id":"https:\/\/www.kanzlei-hennemann.de\/v4\/#website"},"datePublished":"2023-10-16T15:11:07+00:00","dateModified":"2023-11-12T14:00:30+00:00","breadcrumb":{"@id":"https:\/\/www.kanzlei-hennemann.de\/v4\/taetigkeit\/#breadcrumb"},"inLanguage":"de","potentialAction":[{"@type":"ReadAction","target":["https:\/\/www.kanzlei-hennemann.de\/v4\/taetigkeit\/"]}]},{"@type":"BreadcrumbList","@id":"https:\/\/www.kanzlei-hennemann.de\/v4\/taetigkeit\/#breadcrumb","itemListElement":[{"@type":"ListItem","position":1,"name":"Startseite","item":"https:\/\/www.kanzlei-hennemann.de\/v4\/"},{"@type":"ListItem","position":2,"name":"T\u00e4tigkeit und Rechtsgebiete"}]},{"@type":"WebSite","@id":"https:\/\/www.kanzlei-hennemann.de\/v4\/#website","url":"https:\/\/www.kanzlei-hennemann.de\/v4\/","name":"Kanzlei Hennemann","description":"","publisher":{"@id":"https:\/\/www.kanzlei-hennemann.de\/v4\/#organization"},"potentialAction":[{"@type":"SearchAction","target":{"@type":"EntryPoint","urlTemplate":"https:\/\/www.kanzlei-hennemann.de\/v4\/?s={search_term_string}"},"query-input":{"@type":"PropertyValueSpecification","valueRequired":true,"valueName":"search_term_string"}}],"inLanguage":"de"},{"@type":"Organization","@id":"https:\/\/www.kanzlei-hennemann.de\/v4\/#organization","name":"Kanzlei Hennemann","url":"https:\/\/www.kanzlei-hennemann.de\/v4\/","logo":{"@type":"ImageObject","inLanguage":"de","@id":"https:\/\/www.kanzlei-hennemann.de\/v4\/#\/schema\/logo\/image\/","url":"https:\/\/www.kanzlei-hennemann.de\/v4\/wp-content\/uploads\/2023\/10\/logo.png","contentUrl":"https:\/\/www.kanzlei-hennemann.de\/v4\/wp-content\/uploads\/2023\/10\/logo.png","width":500,"height":100,"caption":"Kanzlei Hennemann"},"image":{"@id":"https:\/\/www.kanzlei-hennemann.de\/v4\/#\/schema\/logo\/image\/"}}]}},"_links":{"self":[{"href":"https:\/\/www.kanzlei-hennemann.de\/v4\/wp-json\/wp\/v2\/pages\/833","targetHints":{"allow":["GET"]}}],"collection":[{"href":"https:\/\/www.kanzlei-hennemann.de\/v4\/wp-json\/wp\/v2\/pages"}],"about":[{"href":"https:\/\/www.kanzlei-hennemann.de\/v4\/wp-json\/wp\/v2\/types\/page"}],"author":[{"embeddable":true,"href":"https:\/\/www.kanzlei-hennemann.de\/v4\/wp-json\/wp\/v2\/users\/1"}],"replies":[{"embeddable":true,"href":"https:\/\/www.kanzlei-hennemann.de\/v4\/wp-json\/wp\/v2\/comments?post=833"}],"version-history":[{"count":31,"href":"https:\/\/www.kanzlei-hennemann.de\/v4\/wp-json\/wp\/v2\/pages\/833\/revisions"}],"predecessor-version":[{"id":1853,"href":"https:\/\/www.kanzlei-hennemann.de\/v4\/wp-json\/wp\/v2\/pages\/833\/revisions\/1853"}],"wp:attachment":[{"href":"https:\/\/www.kanzlei-hennemann.de\/v4\/wp-json\/wp\/v2\/media?parent=833"}],"curies":[{"name":"wp","href":"https:\/\/api.w.org\/{rel}","templated":true}]}}